{"id":209,"date":"2022-01-25T10:19:26","date_gmt":"2022-01-25T09:19:26","guid":{"rendered":"https:\/\/www.chalupar.pub\/?page_id=209"},"modified":"2023-03-16T14:20:38","modified_gmt":"2023-03-16T13:20:38","slug":"ubytovanie","status":"publish","type":"page","link":"https:\/\/www.chalupar.pub\/index.php\/ubytovanie\/","title":{"rendered":"Ubytovanie"},"content":{"rendered":"\n[et_pb_section fb_built=&#8220;1&#8243; fullwidth=&#8220;on&#8220; disabled_on=&#8220;off|off|off&#8220; admin_label=&#8220;Hero&#8220; _builder_version=&#8220;4.14.7&#8243; background_enable_color=&#8220;off&#8220; background_image=&#8220;https:\/\/www.chalupar.pub\/wp-content\/uploads\/2022\/02\/2021-Chalupar-3-scaled.jpg&#8220; custom_padding=&#8220;|||&#8220; transparent_background=&#8220;on&#8220; global_colors_info=&#8220;{}&#8220;][et_pb_fullwidth_header title=&#8220;Ubytovanie&#8220; text_orientation=&#8220;center&#8220; background_overlay_color=&#8220;rgba(31,31,31,0.69)&#8220; subhead_font_color=&#8220;#bebebe&#8220; content_max_width_tablet=&#8220;&#8220; content_max_width_phone=&#8220;&#8220; content_max_width_last_edited=&#8220;on|phone&#8220; _builder_version=&#8220;4.14.7&#8243; title_font=&#8220;Playfair Display||||&#8220; title_text_color=&#8220;#ffffff&#8220; title_font_size=&#8220;55px&#8220; title_line_height=&#8220;1.3em&#8220; content_font=&#8220;Montserrat||||&#8220; content_text_color=&#8220;#bfbfbf&#8220; content_font_size=&#8220;19px&#8220; subhead_font=&#8220;Montserrat||||&#8220; subhead_text_color=&#8220;#bebebe&#8220; subhead_line_height=&#8220;1.8em&#8220; background_color=&#8220;rgba(255, 255, 255, 0)&#8220; background_enable_image=&#8220;off&#8220; width_tablet=&#8220;&#8220; width_phone=&#8220;100%&#8220; width_last_edited=&#8220;on|phone&#8220; max_width=&#8220;100%&#8220; custom_padding=&#8220;5%||5%|&#8220; animation_style=&#8220;zoom&#8220; animation_duration=&#8220;1500ms&#8220; animation_intensity_zoom=&#8220;4%&#8220; title_font_size_tablet=&#8220;55px&#8220; title_font_size_phone=&#8220;39px&#8220; title_font_size_last_edited=&#8220;on|phone&#8220; title_line_height_last_edited=&#8220;off|desktop&#8220; global_colors_info=&#8220;{}&#8220; button_one_text_size__hover_enabled=&#8220;off&#8220; button_two_text_size__hover_enabled=&#8220;off&#8220; button_one_text_color__hover_enabled=&#8220;off&#8220; button_two_text_color__hover_enabled=&#8220;off&#8220; button_one_border_width__hover_enabled=&#8220;off&#8220; button_two_border_width__hover_enabled=&#8220;off&#8220; button_one_border_color__hover_enabled=&#8220;off&#8220; button_two_border_color__hover_enabled=&#8220;off&#8220; button_one_border_radius__hover_enabled=&#8220;off&#8220; button_two_border_radius__hover_enabled=&#8220;off&#8220; button_one_letter_spacing__hover_enabled=&#8220;off&#8220; button_two_letter_spacing__hover_enabled=&#8220;off&#8220; button_one_bg_color__hover_enabled=&#8220;off&#8220; button_two_bg_color__hover_enabled=&#8220;off&#8220;]<p>&nbsp;<\/p>\n<p>U\u017e \u010doskoro!\u00a0<\/p>\n<p>&nbsp;<\/p>\n<p>&nbsp;<\/p>[\/et_pb_fullwidth_header][\/et_pb_section]\n<a href=\"https:\/\/iaros.com.ua\/udobrenie-dlya-gazona\/\">\u0443\u0434\u043e\u0431\u0440\u0435\u043d\u0438\u0435 \u0434\u043b\u044f \u0442\u0440\u0430\u0432\u044b<\/a>","protected":false},"excerpt":{"rendered":"<p>&nbsp; U\u017e \u010doskoro!\u00a0 &nbsp; &nbsp; \u0443\u0434\u043e\u0431\u0440\u0435\u043d\u0438\u0435 \u0434\u043b\u044f \u0442\u0440\u0430\u0432\u044b<\/p>\n","protected":false},"author":1,"featured_media":0,"parent":0,"menu_order":0,"comment_status":"closed","ping_status":"closed","template":"","meta":{"_et_pb_use_builder":"on","_et_pb_old_content":"","_et_gb_content_width":"","inline_featured_image":false,"footnotes":""},"class_list":["post-209","page","type-page","status-publish","hentry"],"yoast_head":"<!-- This site is optimized with the Yoast SEO plugin v27.4 - https:\/\/yoast.com\/product\/yoast-seo-wordpress\/ -->\n<title>Ubytovanie - Chalup\u00e1r Penzi\u00f3n &amp; Re\u0161taur\u00e1cia<\/title>\n<meta name=\"description\" content=\"U\u017e \u010doskoro! Ubytovanie v pr\u00edjemn\u00fdch apartm\u00e1noch v centre obce Vysok\u00e1 nad Kysucou.\" \/>\n<meta name=\"robots\" content=\"index, follow, max-snippet:-1, max-image-preview:large, max-video-preview:-1\" \/>\n<link rel=\"canonical\" href=\"https:\/\/www.chalupar.pub\/index.php\/ubytovanie\/\" \/>\n<meta property=\"og:locale\" content=\"sk_SK\" \/>\n<meta property=\"og:type\" content=\"article\" \/>\n<meta property=\"og:title\" content=\"Ubytovanie - Chalup\u00e1r Penzi\u00f3n &amp; Re\u0161taur\u00e1cia\" \/>\n<meta property=\"og:description\" content=\"U\u017e \u010doskoro! Ubytovanie v pr\u00edjemn\u00fdch apartm\u00e1noch v centre obce Vysok\u00e1 nad Kysucou.\" \/>\n<meta property=\"og:url\" content=\"https:\/\/www.chalupar.pub\/index.php\/ubytovanie\/\" \/>\n<meta property=\"og:site_name\" content=\"Chalup\u00e1r Penzi\u00f3n &amp; Re\u0161taur\u00e1cia\" \/>\n<meta property=\"article:modified_time\" content=\"2023-03-16T13:20:38+00:00\" \/>\n<meta name=\"twitter:card\" content=\"summary_large_image\" \/>\n<meta name=\"twitter:label1\" content=\"Predpokladan\u00fd \u010das \u010d\u00edtania\" \/>\n\t<meta name=\"twitter:data1\" content=\"1 min\u00fata\" \/>\n<script type=\"application\/ld+json\" class=\"yoast-schema-graph\">{\"@context\":\"https:\\\/\\\/schema.org\",\"@graph\":[{\"@type\":\"WebPage\",\"@id\":\"https:\\\/\\\/www.chalupar.pub\\\/index.php\\\/ubytovanie\\\/\",\"url\":\"https:\\\/\\\/www.chalupar.pub\\\/index.php\\\/ubytovanie\\\/\",\"name\":\"Ubytovanie - Chalup\u00e1r Penzi\u00f3n &amp; Re\u0161taur\u00e1cia\",\"isPartOf\":{\"@id\":\"https:\\\/\\\/www.chalupar.pub\\\/#website\"},\"datePublished\":\"2022-01-25T09:19:26+00:00\",\"dateModified\":\"2023-03-16T13:20:38+00:00\",\"description\":\"U\u017e \u010doskoro! Ubytovanie v pr\u00edjemn\u00fdch apartm\u00e1noch v centre obce Vysok\u00e1 nad Kysucou.\",\"breadcrumb\":{\"@id\":\"https:\\\/\\\/www.chalupar.pub\\\/index.php\\\/ubytovanie\\\/#breadcrumb\"},\"inLanguage\":\"sk-SK\",\"potentialAction\":[{\"@type\":\"ReadAction\",\"target\":[\"https:\\\/\\\/www.chalupar.pub\\\/index.php\\\/ubytovanie\\\/\"]}]},{\"@type\":\"BreadcrumbList\",\"@id\":\"https:\\\/\\\/www.chalupar.pub\\\/index.php\\\/ubytovanie\\\/#breadcrumb\",\"itemListElement\":[{\"@type\":\"ListItem\",\"position\":1,\"name\":\"Domovsk\u00e1 str\u00e1nka\",\"item\":\"https:\\\/\\\/www.chalupar.pub\\\/\"},{\"@type\":\"ListItem\",\"position\":2,\"name\":\"Ubytovanie\"}]},{\"@type\":\"WebSite\",\"@id\":\"https:\\\/\\\/www.chalupar.pub\\\/#website\",\"url\":\"https:\\\/\\\/www.chalupar.pub\\\/\",\"name\":\"Chalup\u00e1r Penzi\u00f3n &amp; Re\u0161taur\u00e1cia\",\"description\":\"Pizza, Coffee, Beer &amp; More\",\"potentialAction\":[{\"@type\":\"SearchAction\",\"target\":{\"@type\":\"EntryPoint\",\"urlTemplate\":\"https:\\\/\\\/www.chalupar.pub\\\/?s={search_term_string}\"},\"query-input\":{\"@type\":\"PropertyValueSpecification\",\"valueRequired\":true,\"valueName\":\"search_term_string\"}}],\"inLanguage\":\"sk-SK\"}]}<\/script>\n<!-- \/ Yoast SEO plugin. -->","yoast_head_json":{"title":"Ubytovanie - Chalup\u00e1r Penzi\u00f3n &amp; Re\u0161taur\u00e1cia","description":"U\u017e \u010doskoro! Ubytovanie v pr\u00edjemn\u00fdch apartm\u00e1noch v centre obce Vysok\u00e1 nad Kysucou.","robots":{"index":"index","follow":"follow","max-snippet":"max-snippet:-1","max-image-preview":"max-image-preview:large","max-video-preview":"max-video-preview:-1"},"canonical":"https:\/\/www.chalupar.pub\/index.php\/ubytovanie\/","og_locale":"sk_SK","og_type":"article","og_title":"Ubytovanie - Chalup\u00e1r Penzi\u00f3n &amp; Re\u0161taur\u00e1cia","og_description":"U\u017e \u010doskoro! Ubytovanie v pr\u00edjemn\u00fdch apartm\u00e1noch v centre obce Vysok\u00e1 nad Kysucou.","og_url":"https:\/\/www.chalupar.pub\/index.php\/ubytovanie\/","og_site_name":"Chalup\u00e1r Penzi\u00f3n &amp; Re\u0161taur\u00e1cia","article_modified_time":"2023-03-16T13:20:38+00:00","twitter_card":"summary_large_image","twitter_misc":{"Predpokladan\u00fd \u010das \u010d\u00edtania":"1 min\u00fata"},"schema":{"@context":"https:\/\/schema.org","@graph":[{"@type":"WebPage","@id":"https:\/\/www.chalupar.pub\/index.php\/ubytovanie\/","url":"https:\/\/www.chalupar.pub\/index.php\/ubytovanie\/","name":"Ubytovanie - Chalup\u00e1r Penzi\u00f3n &amp; Re\u0161taur\u00e1cia","isPartOf":{"@id":"https:\/\/www.chalupar.pub\/#website"},"datePublished":"2022-01-25T09:19:26+00:00","dateModified":"2023-03-16T13:20:38+00:00","description":"U\u017e \u010doskoro! Ubytovanie v pr\u00edjemn\u00fdch apartm\u00e1noch v centre obce Vysok\u00e1 nad Kysucou.","breadcrumb":{"@id":"https:\/\/www.chalupar.pub\/index.php\/ubytovanie\/#breadcrumb"},"inLanguage":"sk-SK","potentialAction":[{"@type":"ReadAction","target":["https:\/\/www.chalupar.pub\/index.php\/ubytovanie\/"]}]},{"@type":"BreadcrumbList","@id":"https:\/\/www.chalupar.pub\/index.php\/ubytovanie\/#breadcrumb","itemListElement":[{"@type":"ListItem","position":1,"name":"Domovsk\u00e1 str\u00e1nka","item":"https:\/\/www.chalupar.pub\/"},{"@type":"ListItem","position":2,"name":"Ubytovanie"}]},{"@type":"WebSite","@id":"https:\/\/www.chalupar.pub\/#website","url":"https:\/\/www.chalupar.pub\/","name":"Chalup\u00e1r Penzi\u00f3n &amp; Re\u0161taur\u00e1cia","description":"Pizza, Coffee, Beer &amp; More","potentialAction":[{"@type":"SearchAction","target":{"@type":"EntryPoint","urlTemplate":"https:\/\/www.chalupar.pub\/?s={search_term_string}"},"query-input":{"@type":"PropertyValueSpecification","valueRequired":true,"valueName":"search_term_string"}}],"inLanguage":"sk-SK"}]}},"_links":{"self":[{"href":"https:\/\/www.chalupar.pub\/index.php\/wp-json\/wp\/v2\/pages\/209","targetHints":{"allow":["GET"]}}],"collection":[{"href":"https:\/\/www.chalupar.pub\/index.php\/wp-json\/wp\/v2\/pages"}],"about":[{"href":"https:\/\/www.chalupar.pub\/index.php\/wp-json\/wp\/v2\/types\/page"}],"author":[{"embeddable":true,"href":"https:\/\/www.chalupar.pub\/index.php\/wp-json\/wp\/v2\/users\/1"}],"replies":[{"embeddable":true,"href":"https:\/\/www.chalupar.pub\/index.php\/wp-json\/wp\/v2\/comments?post=209"}],"version-history":[{"count":4,"href":"https:\/\/www.chalupar.pub\/index.php\/wp-json\/wp\/v2\/pages\/209\/revisions"}],"predecessor-version":[{"id":1098,"href":"https:\/\/www.chalupar.pub\/index.php\/wp-json\/wp\/v2\/pages\/209\/revisions\/1098"}],"wp:attachment":[{"href":"https:\/\/www.chalupar.pub\/index.php\/wp-json\/wp\/v2\/media?parent=209"}],"curies":[{"name":"wp","href":"https:\/\/api.w.org\/{rel}","templated":true}]}}